-8
In base 14, what is -45 - 1?
-46
In base 5, what is 3024 - 11?
3013
In base 15, what is 10d3c + 4?
10d41
In base 5, what is -3 - -1?
-2
In base 8, what is 554 + 4?
560
In base 9, what is 1024 + 5?
1030
In base 11, what is -1 - -3136?
3135
In base 12, what is 59 + 16?
73
In base 13, what is 3 - 218?
-215
In base 5, what is 421 - 3?
413
In base 4, what is 102 + -122?
-20
In base 8, what is -3 + 5513?
5510
In base 9, what is -5 - -12?
6
In base 12, what is 1 - -43?
44
In base 3, what is 0 - -22?
22
In base 12, what is -3 - 86?
-89
In base 14, what is 18 + 1?
19
In base 15, what is -117 - 1?
-118
In base 16, what is 3 + 1e2a?
1e2d
In base 2, what is -10011010101 + 101?
-10011010000
In base 5, what is 1204 - 0?
1204
In base 15, what is 4 + -b?
-7
In base 3, what is 1201 - 0?
1201
In base 15, what is -ce1 - 4?
-ce5
In base 10, what is 19 + -2?
17
In base 8, what is 11 + -607?
-576
In base 8, what is -2213 + -4?
-2217
In base 9, what is 101 + 1?
102
In base 16, what is -6 + 7?
1
In base 11, what is 0 + -41?
-41
In base 10, what is -13 - 20?
-33
In base 12, what is 510 - -5?
515
In base 11, what is 3a + 14?
53
In base 9, what is 0 - 521?
-521
In base 5, what is -243 - 24?
-322
In base 8, what is -624 + -13?
-637
In base 5, what is 11 - -43201?
43212
In base 8, what is 3 - 1?
2
In base 3, what is 1211 + 12?
2000
In base 16, what is 34 + -3?
31
In base 9, what is 6 + 2?
8
In base 13, what is 5 + 5a9?
5b1
In base 6, what is -513 - 2?
-515
In base 14, what is 27 - -8?
31
In base 10, what is 3 - -25?
28
In base 8, what is 435 - 3?
432
In base 12, what is 370 + -9?
363
In base 16, what is 26 + -5?
21
In base 8, what is -3 + -46?
-51
In base 14, what is 35 + 0?
35
In base 16, what is 2 + 3b6?
3b8
In base 2, what is -101001110 + 101?
-101001001
In base 7, what is -11 - -234?
223
In base 13, what is -119 - -2?
-117
In base 6, what is 4 - -111?
115
In base 16, what is -96 + -3?
-99
In base 8, what is -2 + 40?
36
In base 4, what is -232003 + -10?
-232013
In base 14, what is 1 + 44?
45
In base 5, what is -4 - -23213?
23204
In base 3, what is -10 + 111002?
110222
In base 8, what is -20 + 7?
-11
In base 10, what is 14 + -1111?
-1097
In base 15, what is 3 + 130a?
130d
In base 12, what is -27 - -1a2?
177
In base 3, what is 12010 - 20?
11220
In base 12, what is 40 + -1?
3b
In base 8, what is 17257 - 1?
17256
In base 8, what is -3 + -532?
-535
In base 9, what is -3733 + 2?
-3731
In base 14, what is 2 - 7b?
-79
In base 13, what is -155 + -1?
-156
In base 16, what is -82 - -2?
-80
In base 11, what is -2 - 94?
-96
In base 15, what is 4 + -d94?
-d90
In base 15, what is 1a - 13?
7
In base 9, what is -1 - -1150?
1148
In base 2, what is 1 + 10?
11
In base 2, what is 1001010110 + 0?
1001010110
In base 2, what is 101 + -101001?
-100100
In base 6, what is -1 + 2413?
2412
In base 14, what is 0 + -20?
-20
In base 16, what is 0 - 403?
-403
In base 13, what is -1 - -12?
11
In base 13, what is -1 + 25?
24
In base 9, what is -13816 - -3?
-13813
In base 11, what is -19 - 2?
-20
In base 15, what is -19 + -63?
-7c
In base 15, what is 4 + 19?
1d
In base 9, what is -137 - 3?
-141
In base 9, what is -8 - 2?
-11
In base 8, what is 4 + -340?
-334
In base 9, what is -6856 - 1?
-6857
In base 3, what is -12012120 + -1?
-12012121
In base 3, what is -10 - -12?
2
In base 2, what is 1001 - 100?
101
In base 12, what is 11 - -12?
23
In base 6, what is -105405 - 0?
-105405
In base 10, what is -11 - 48?
-59
In base 9, what is -11 + 36?
25
In base 10, what is 1 + 43?
44
In base 12, what is 4 - -185?
189
In base 12, what is 68 - 24?
44
In base 9, what is 60 + 28?
88
In base 3, what is 101 + 201012?
201120
In base 10, what is -2 - 9?
-11
In base 15, what is -4 - 65b?
-660
In base 11, what is -4 + -114?
-118
In base 7, what is -1264 + 1?
-1263
In base 6, what is -222 - 42?
-304
In base 14, what is -4 + a6?
a2
In base 16, what is -1 - 3e?
-3f
In base 3, what is -10 + -10121?
-10201
In base 3, what is -2 - -11001?
10222
In base 7, what is 322 - 0?
322
In base 12, what is 6a54 - -4?
6a58
In base 3, what is 11001 - 20?
10211
In base 16, what is 5 + 38?
3d
In base 5, what is 2303 - 44?
2204
In base 5, what is -1 + 341?
340
In base 13, what is 4 + -74?
-70
In base 4, what is -302 + -12?
-320
In base 6, what is -11 - -4?
-3
In base 11, what is 24 + -7?
18
In base 8, what is -251 - -5?
-244
In base 14, what is 3 - -44?
47
In base 12, what is 4 - -11ba?
1202
In base 8, what is 104 + -42?
42
In base 13, what is -2 + 164?
162
In base 10, what is 4 - -631?
635
In base 4, what is 11 - -213?
230
In base 15, what is c + -86?
-79
In base 13, what is -4 - 24?
-28
In base 9, what is -15 + -28?
-44
In base 16, what is -11d - 1?
-11e
In base 7, what is 4 + -34?
-30
In base 3, what is -101120122 + 11?
-101120111
In base 10, what is 13 - -311?
324
In base 11, what is 1 - 10?
-a
In base 4, what is 10111 + 2?
10113
In base 10, what is -1 + -1431?
-1432
In base 7, what is -310 + 1?
-306
In base 5, what is -311 - 100?
-411
In base 5, what is 0 + -14?
-14
In base 9, what is 5 - -758?
764
In base 8, what is -6021 - -6?
-6013
In base 12, what is -5 - -6a?
65
In base 7, what is 4212 - 1?
4211
In base 2, what is -100000110 - 1001?
-100001111
In base 6, what is -2520 - -20?
-2500
In base 10, what is -40 + -2?
-42
In base 14, what is 10 + 28?
38
In base 3, what is 1 - 210?
-202
In base 12, what is 3 + -26?
-23
In base 7, what is 4110 + -4?
4103
In base 2, what is 11 - 10110?
-10011
In base 11, what is 44 - 24a?
-206
In base 8, what is -16 + -2435?
-2453
In base 6, what is -241 + -3?
-244
In base 5, what is -2320 - 11?
-2331
In base 2, what is -11001001000011 - 10?
-11001001000101
In base 14, what is -58 + -30?
-88
In base 13, what is -a - 21?
-2b
In base 12, what is -1 - 34?
-35
In base 2, what is -10101 - 10000011?
-10011000
In base 16, what is 52 + 1?
53
In base 2, what is 10000101000 - -100?
10000101100
In base 5, what is 0 + 104?
104
In base 14, what is 16 - 8?
c
In base 8, what is -25 + 177?
152
In base 6, what is 42 + 353?
435
In base 11, what is 928 - 0?
928
In base 2, what is 1 - -1011010111?
1011011000
In base 15, what is -e + 25?
16
In base 15, what is 2d7d + -1?
2d7c
In base 11, what is -1415 + 8?
-1408
In base 5, what is -341 - -43?
-243
In base 9, what is 40 + 336?
376
In base 16, what is -3 + 240?
23d
In base 3, what is 111001201 - -1?
111001202
In base 11, what is 4 + 63?
67
In base 8, what is 6 - -1445?
1453
In base 8, what is -112 + 74?
-16
In base 4, what is 3 + -3021?
-3012
In base 14, what is -b06 - 5?
-b0b
In base 11, what is 1a63 - -4?
1a67
In base 6, what is -4 + 34551?
34543
In base 3, what is -101 - 212211?
-220012
In base 3, what is -221 - -12120?
11122
In base 12, what is -a + -810?
-81a
In base 5, what is -14 + 2443?
2424
In base 5, what is -13 + 10?
-3
In base 2, what is -10011010 - 10?
-10011100
In base 12, what is -1 - -180?
17b
In base 5, what is -4 - -1113?
1104
In base 12, what is 59 + -7?
52
In base 10, what is 57 + 17?
74
In base 16, what is -355 + c?
-349
In base 11, what is 216 + -1a?
1a7
In base 11, what is -18 - -584?
567
In base 8, what is -2 - 23?
-25
In base 16, what is -4 - 37?
-3b
In base 14, what is -95 - 1?
-96
In base 6, what is -10 + -232?
-242
In base 2, what is -10000111 + 100?
-10000011
In base 6, what is -2 + 152?
150
In base 11, what is 2 - 2a99?
-2a97
In base 16, what is -d1 - -2?
-cf
In base 13, what is -a57 - 8?
-a62
In base 2, what is -101 + -100000010?
-100000111
In base 13, what is -90 + 10?
-80
In base 13, what is -27b - 5?
-283
In base 4, what is 12300 + 1?
12301
In base 13, what is -390 + 1?
-38c
In base 7, what is 30 - 162?
-132
In base 9, what is 115 + -6?
108
In base 8, what is -6477 + -5?
-6504
In base 13, what is 5 - -261?
266
In base 16, what is -1 + -305?
-306
In base 7, what is -62 + 221?
126
In base 5, what is 3142 - 10?
3132
In base 4, what is 1 + -1003121?
-1003120
In base 4, what is 221 - -1?
222
In base 14, what is -3 + -663?
-666
In base 9, what is -2438 - 2?
-2441
In base 6, what is -350155 - -3?
-350152
In base 6, what is 4045 - 5?
4040
In base 15, what is 249 + -1?
248
In base 3, what is 22 - 1101112?
-1101020
In base 9, what is 2 - -10085?
10087
In base 9, what is -872 + -1?
-873
In base 14, what is 0 + -32?
-32
In base 3, what is 1102 - -2002?
10111
I